 62, 2*u - 48 = k + 4*k. Let s be ((-2)/3)/(19/57). List the prime factors of 1/(s/(-1*u)).
7
Let x(l) = -3*l - 4. Suppose 0 = 5*y + 32 + 8. What are the prime factors of x(y)?
2, 5
Let p(o) = -o**3 - o**2 + o + 1. Let k be p(0). Suppose 3*b - k = 4*b. Let c = 7 + b. What are the prime factors of c?
2, 3
Let s be (1/2)/((-1)/(-8)). Suppose -r = r - 12. Suppose -r = s*d - 18. List the prime factors of d.
3
Suppose 19 = 3*k + c, 0 = -k - 7*c + 3*c - 12. Let m = 1 + k. List the prime factors of m.
3
Let t be ((-60)/(-14))/((-5)/(-35)). Suppose -6*g - 3*p + t = -3*g, 3*p = g + 2. Let n = -4 + g. List the prime factors of n.
3
Let i(y) = y**3 - 6*y**2 + 3*y + 7. Let o be i(5). Let f be ((-1)/o)/((-2)/(-24)). List the prime factors of (2 + 2/(-8))*f.
7
Let z be 3/6 + 23/2. Let o be (-11)/(-3) + (-8)/z. Let a = o + 7. List the prime factors of a.
2, 5
Suppose 0 = -4*w + 4*v + 528, 6*v = v - 10. List the prime factors of w.
2, 5, 13
Let a = 68 + 101. What are the prime factors of a?
13
Suppose 0 = -3*c + 18. What are the prime factors of c?
2, 3
Suppose -3*f = -4*y - 3 + 20, -5*f = -2*y + 5. Let b(m) = 45*m**2 - m. What are the prime factors of b(f)?
2, 11
Let c = 29 + 12. List the prime factors of c.
41
Let p(s) = 4*s**3 - s**2 + s. Let l be p(1). Let v(r) = 0*r + 5 + l - r. What are the prime factors of v(4)?
5
List the prime factors of (-3 - (35/2 - -1))*-2.
43
Let x(v) = v**2 - 4*v - 2. Let s be x(-5). Let w = 39 - 28. Suppose -3*y + s = -w. What are the prime factors of y?
2, 3
Suppose -2*y = -12 - 8. What are the prime factors of y?
2, 5
Let u(m) be the first derivative of m**3/3 + 3*m**2/2 - m + 6. What are the prime factors of u(2)?
3
Let i(k) = 2*k**2 - 11*k + 5. Let n(u) = u**2 - 6*u + 3. Let o(y) = 4*i(y) - 7*n(y). Let g(b) = 3*b + 1. Let t be g(-1). What are the prime factors of o(t)?
7
Suppose 36 = 2*b - 32. Let l = -23 + b. List the prime factors of l.
11
Let o(p) = -p**3 + 7*p**2 - 6*p + 5. Let m be o(6). Suppose m*w = 2*x - x + 13, -1 = -5*w - 3*x. List the prime factors of w.
2
Suppose -p + 8 = 2*z, -3*z + 4*p = -4*z - 3. What are the prime factors of z?
5
Suppose -13*q - 32 = -15*q. List the prime factors of q.
2
Let t(q) = q**3 - q**2 - q + 36. Let n be t(0). Let r = -22 + n. What are the prime factors of r?
2, 7
Suppose -2*f = -10*d + 5*d + 148, d - 8 = -5*f. What are the prime factors of d?
2, 7
Let y(v) = 34*v. What are the prime factors of y(3)?
2, 3, 17
Suppose 7*w = 12*w - 630. List the prime factors of w.
2, 3, 7
Let l(u) = -4*u**2 + 3*u - 2. Let r be l(2). Let z = -4 - r. What are the prime factors of z?
2
Let n be 1/(-4)*-2*4. Suppose 3*u = -n*u + 45. List the prime factors of u.
3
Let m(s) be the second derivative of -4*s - 5/6*s**3 + 1/2*s**2 - 1/12*s**4 + 0. List the prime factors of m(-3).
7
Suppose 0 = 5*z + 114 - 334. List the prime factors of z.
2, 11
Suppose -2*q = -4*q + 56. List the prime factors of 12/(-18) + q/6.
2
Let q be 6/2 - (-1 - 1). Suppose 0 = -q*t + 71 - 26. Let r = 15 - t. What are the prime factors of r?
2, 3
Let a(f) = f**2 - f + 1. Let v be a(2). Suppose 2*b - 2*j + v*j = 35, 3*b = -j + 50. What are the prime factors of b?
3, 5
Let i = -4 - -7. Suppose -i - 1 = -2*q. Suppose f + 5*d - 7 = 0, -q*d + 1 = f - 3. List the prime factors of f.
2
Let y = 0 - -18. List the prime factors of y.
2, 3
Let q be (0 - 0)/(2*-1). Suppose w + 3*l - 29 = q, -2*w + 5*l - 31 = -144. List the prime factors of (-4)/(-6) - w/(-6).
2
Let x = -19 - -31. Suppose 2*o = o + x. List the prime factors of o.
2, 3
Let x = 6 + 19. What are the prime factors of x?
5
Let v be 3/9 + (-24)/(-9). Suppose -5*j - 5 = d + v, 4*d - 44 = -j. What are the prime factors of d?
2, 3
Let k(l) = l**3 - 5*l**2 + 5*l + 2. Let r be k(4). Suppose r + 0 = o. Suppose q - o = -0*q. List the prime factors of q.
2, 3
Suppose 0 = -2*w + 8 + 6. Let a = w - -2. List the prime factors of a.
3
Let q(p) = -p**3 - 11*p**2 - 10*p - 5. Let h(r) = 5*r**3 + 56*r**2 + 51*r + 26. Let v(a) = -2*h(a) - 11*q(a). What are the prime factors of v(-8)?
3
Suppose 5*b - 215 = -5*u + 30, -2*u = 5*b - 95. List the prime factors of u.
2, 5
Let y = 23 - 14. What are the prime factors of y?
3
Suppose 3*a + 7 - 1 = 0. Let p = a + 17. List the prime factors of p.
3, 5
Suppose -l = -3*s + 19 - 7, 0 = -2*l - 3*s - 42. Let o be 1210/99 - (-4)/l. Suppose 5*j - o = 38. List the prime factors of j.
2, 5
What are the prime factors of 152/57*(-39)/(-2)?
2, 13
Suppose -5*u + 2 + 13 = 0. Suppose 1 = -o + u. Suppose g + 3*q + 6 = q, -10 = o*q. What are the prime factors of g?
2
Suppose 4*o + 36 = 2*f, f + 5*o + 16 = 6. List the prime factors of f.
2, 5
Let u(a) = -a**2 + 19*a + 10. What are the prime factors of u(10)?
2, 5
Suppose w = 2*p + 4, 2*w + 3*p - 26 = -2*p. What are the prime factors of w?
2
Suppose -4*n - 69 - 43 = 0. Let z = n - -42. What are the prime factors of z?
2, 7
Let x(m) = -m**3 - 8*m**2 - 6*m + 5. Let o be x(-7). Let c be o + (-1 - (2 + -10)). Suppose -5*w - v = -53, -4*w - w + c*v = -35. List the prime factors of w.
2, 5
Suppose -4*i - 5*r = -i - 441, -5*i = r - 735. List the prime factors of i.
3, 7
Let y(s) be the second derivative of s**5/20 + 5*s**4/12 - 4*s**3/3 - s**2/2 - s. List the prime factors of y(-6).
11
Suppose k = -3 + 8. Let f(w) be the first derivative of w**2 - 4*w - 1. List the prime factors of f(k).
2, 3
Suppose -2*s - 3*r = -91, -3*s + 48 = -2*r - 82. List the prime factors of s.
2, 11
Suppose 0 = -6*c + c. Let z = 4 - c. Suppose -2 - 34 = -z*y. What are the prime factors of y?
3
Let f = -4 - -5. What are the prime factors of ((-65)/(-10))/(f/2)?
13
Suppose -4*h = -21 + 1. Suppose 2*f + 2*a - 16 = 0, h*f = a + 75 - 11. What are the prime factors of f?
2, 3
Suppose 0 = -4*f - 4*c + 28, 3*f + 4*c - 13 = 11. Suppose 9*l - 50 = f*l. What are the prime factors of (-10)/(-4)*12/l?
3
Suppose -j + 17 = -20. What are the prime factors of j?
37
Suppose -4*v - 10 = -0*l - 3*l, 0 = 4*l + 2*v - 50. Let z(q) = -q**2 + 9*q + 14. List the prime factors of z(l).
2
Let j(o) = 43*o**2 + 6*o - 5. List the prime factors of j(1).
2, 11
Let d(n) = -n**2 + 7*n - 4. Let l(h) = -h**2 + 6*h + 3. Let w be l(6). What are the prime factors of d(w)?
2
Suppose -6*s + 5*s + 224 = 0. What are the prime factors of s?
2, 7
Suppose -218 + 26 = -4*u. List the prime factors of u.
2, 3
Let c(m) = -4*m**3 - 2*m**2 - m + 2. What are the prime factors of c(-2)?
2, 7
Let g = -134 - -188. What are the prime factors of g?
2, 3
Let u be 8/4 - 2 - -27. Suppose 4*o = u + 81. List the prime factors of o.
3
Suppose -w + 14 = 4*j + 1, 3*j - 11 = -2*w. Suppose 3*g + 4*u = 3*u + 140, -2*u + 232 = 5*g. Suppose j*l - g = -l. List the prime factors of l.
2, 3
Suppose -990 = -8*b - b. List the prime factors of b.
2, 5, 11
Let t(k) = k - 3. Let f(i) = -2*i + 3. Let q = 1 + 5. Let b(u) = q*f(u) + 7*t(u). List the prime factors of b(-2).
7
Let a = -37 + 71. What are the prime factors of a?
2, 17
Let h = 4 - -1. Suppose 0 = h*p - p - 76. What are the prime factors of p?
19
Let b be (-4)/10 + 34/10. Suppose 2*z - 22 = 34. Suppose 2*a - b*j - 19 = -0*j, 3*a = 5*j + z. What are the prime factors of a?
11
Suppose 3*j = 2*z - 12, z - j - j - 7 = 0. Suppose z*y = 2*r - r - 15, 0 = r + 2*y - 30. Suppose 3*v = -0*v + r. What are the prime factors of v?
2
Let l(i) = 3*i**2 + 2*i + 3. Let w(r) = -r**2 - r - 1. Let x(b) = l(b) + 2*w(b). Let a be x(-2). Suppose -30 = -0*g - a*g. What are the prime factors of g?
2, 3
Suppose 0 = -2*b - 5 + 1. Let m be 0/(1*(-3 - b)). Suppose p - 12 - 5 = m. What are the prime factors of p?
17
Let u(c) = 11*c + 1. Let w be u(1). Let m = w - 6. What are the prime factors of m?
2, 3
List the prime factors of (-2)/2*(-8 - 26).
2, 17
Suppose 0 = 7*g - 5 - 30. Suppose g*w = 2*r + 225, 0 = 3*w - 6*r + 3*r - 126. List the prime factors of w.
47
Let m(s) = -s + 3. Let w be m(2). Let r = 6 + w. What are the prime factors of r?
7
Suppose 2*t + 16 = 6*t. Let o = -2 + t. What are the prime factors of o?
2
Let g(c) = c + 14. Suppose 8 + 0 = 4*v. Suppose -d = 4 + v. List the prime factors of g(d).
2
Suppose 4*w - i - 89 = 0, i = w + 3*i - 11. List the prime factors of w.
3, 7
Let p = 9 - 13. Let b = 1 + p. What are the prime factors of -20*(1 - b/(-2))?
2, 5
Suppose -2*x = -7*x + 270. What are the prime 